Is 214449251 a composite number?
True
Is 11624448313 a prime number?
False
Is 417308203 prime?
False
Is 220845739 prime?
True
Is 2365926413 composite?
True
Is 15971332093 a composite number?
True
Is 985507097 prime?
True
Is 50633941 composite?
False
Is 41594823043 a composite number?
False
Is 10159119283 prime?
False
Is 221940937 prime?
True
Is 288012298867 a prime number?
True
Is 14587035355 composite?
True
Is 1468278883 composite?
False
Is 28277191 composite?
False
Is 5614587991 a composite number?
True
Is 675621377 a prime number?
False
Is 85076527 a prime number?
False
Is 71948586751 a prime number?
True
Is 1807434283 composite?
True
Is 986064361 composite?
False
Is 1032506773 composite?
False
Is 227093699 composite?
True
Is 4078808737 a prime number?
False
Is 208091239 a prime number?
True
Is 4105319462 a prime number?
False
Is 19311761431 a prime number?
True
Is 14293356587 composite?
False
Is 6348678491 prime?
False
Is 164832103 prime?
True
Is 1572115451 composite?
False
Is 216531396623 a prime number?
False
Is 910708823 a prime number?
False
Is 186195029 composite?
False
Is 991049749 a prime number?
True
Is 4925011561 a composite number?
True
Is 3453133763 composite?
True
Is 24527303 a composite number?
True
Is 15803825729 a prime number?
False
Is 8902638653 a composite number?
False
Is 234279359 a prime number?
True
Is 47755256149 composite?
False
Is 344027449 a composite number?
False
Is 434089309 a composite number?
False
Is 66208767929 composite?
False
Is 2330004283 prime?
True
Is 3831515297 prime?
True
Is 2263716979 composite?
True
Is 80870561 a composite number?
False
Is 62138036497 prime?
False
Is 1816943767 a prime number?
False
Is 1400059781 composite?
False
Is 4875337247 a prime number?
False
Is 436821347 composite?
False
Is 7990867307 composite?
True
Is 12669056623 composite?
False
Is 233891783 a prime number?
True
Is 11054391787 prime?
True
Is 7335485309 a composite number?
False
Is 169436849 a prime number?
False
Is 76980264287 composite?
False
Is 3609302171 prime?
True
Is 128659001327 composite?
False
Is 1594913209 a composite number?
True
Is 1754929 a prime number?
False
Is 71676647611 a composite number?
True
Is 296435651 a composite number?
True
Is 606988799 composite?
False
Is 46393642 prime?
False
Is 1336506269 a prime number?
False
Is 316077373 prime?
True
Is 31174362287 a composite number?
True
Is 2419046441 a prime number?
False
Is 7864403293 prime?
True
Is 152519621 a prime number?
True
Is 315491399 prime?
True
Is 26992193747 a composite number?
True
Is 268454261 a composite number?
True
Is 5010230427 composite?
True
Is 52781593 a composite number?
False
Is 693225347 a prime number?
True
Is 132682811 composite?
False
Is 6688457806 a composite number?
True
Is 4738409189 a composite number?
True
Is 48153724199 prime?
False
Is 17697022349 a composite number?
False
Is 223644587 a prime number?
False
Is 1060152337 a prime number?
True
Is 252388003 a composite number?
True
Is 20048724539 a prime number?
True
Is 36987283913 a prime number?
False
Is 418258509 a prime number?
False
Is 487410929 composite?
True
Is 10674985387 a composite number?
True
Is 25117036157 a composite number?
False
Is 9112974467 a composite number?
False
Is 1428937163 a composite number?
False
Is 106241057035 composite?
True
Is 148878005 prime?
False
Is 4989363833 prime?
False
Is 2653819117 prime?
False
Is 131822531 prime?
True
Is 5920763059 a composite number?
True
Is 122490541 a composite number?
True
Is 705936967 composite?
False
Is 486922459 prime?
True
Is 21618390517 a composite number?
False
Is 3291223883 prime?
True
Is 2647396693 a composite number?
True
Is 9615670313 composite?
False
Is 390781207 prime?
True
Is 5097366623 prime?
False
Is 4476172355 a prime number?
False
Is 106524559091 prime?
True
Is 14168723003 composite?
True
Is 783898879 a prime number?
True
Is 33600071 a composite number?
True
Is 111197064127 a prime number?
True
Is 383145797 a prime number?
False
Is 35527305673 prime?
False
Is 2600711557 prime?
True
Is 79752117311 prime?
True
Is 2806654894 a prime number?
False
Is 255054401 a composite number?
True
Is 79826473 a prime number?
False
Is 1828386953 a composite number?
False
Is 191716123163 composite?
False
Is 54887755003 prime?
False
Is 7718282074 prime?
False
Is 1771280699 prime?
False
Is 1526079914 composite?
True
Is 3273769457 a prime number?
False
Is 447722827 a prime number?
True
Is 1269985097 prime?
True
Is 166177340859 a composite number?
True
Is 81354360697 a prime number?
True
Is 1821929069 a composite number?
False
Is 193406441 prime?
True
Is 36417119237 prime?
False
Is 15093468503 a prime number?
False
Is 30970123703 a composite number?
True
Is 2312778509 a prime number?
True
Is 57984481 a prime number?
False
Is 58859475139 a composite number?
True
Is 76002333689 a prime number?
False
Is 3645663533 prime?
True
Is 125383305893 a prime number?
True
Is 1943089717 prime?
True
Is 1166849267 a composite number?
True
Is 10362077561 a prime number?
False
Is 362738371 prime?
True
Is 129398039 prime?
False
Is 1049758673 composite?
True
Is 58391543 a composite number?
True
Is 1873616033 a prime number?
False
Is 7553960257 composite?
False
Is 125775585737 composite?
False
Is 8237928563 a prime number?
True
Is 423326263 a prime number?
True
Is 81939031901 a composite number?
True
Is 578303441 a prime number?
False
Is 1323110671 prime?
False
Is 140984651 composite?
True
Is 22041357733 composite?
False
Is 727300907 a composite number?
False
Is 9633676687 composite?
False
Is 28881462041 prime?
True
Is 106526899663 a prime number?
True
Is 720313537 prime?
False
Is 5576970901 a composite number?
False
Is 733300961 composite?
False
Is 2820338347 composite?
True
Is 1353328919 prime?
True
Is 2399922803 prime?
True
Is 790498601 a prime number?
True
Is 128114269 composite?
True
Is 53491903 a prime number?
True
Is 5457284387 a prime number?
False
Is 3025661609 prime?
True
Is 3004658437 prime?
False
Is 67756715735 composite?
True
Is 17252294231 composite?
False
Is 195008945 a prime number?
False
Is 13098151841 prime?
True
Is 310149349 a prime number?
False
Is 40225649 prime?
True
Is 2714335067 composite?
False
Is 30785653633 composite?
True
Is 1177507421 prime?
True
Is 1490062999 prime?
False
Is 152162110621 a prime number?
False
Is 5026789091 composite?
True
Is 17779769531 a prime number?
False
Is 896591851 a composite number?
False
Is 11904421531 a composite number?
True
Is 3240128051 a prime number?
True
Is 4285999541 a prime number?
False
Is 22894470251 prime?
True
Is 24346829903 prime?
False
Is 23387590033 prime?
True
Is 278184307 prime?
True
Is 14510253578 a prime number?
False
Is 14509822513 a prime number?
True
Is 85789684319 a prime number?
True
Is 1487838239 prime?
False
Is 401840321 composite?
True
Is 41242919 a composite number?
False
Is 3714177229 a prime number?
False
Is 1854719549 a composite number?
True
Is 43847355443 prime?
True
Is 263851409 composite?
False
Is 58797825019 a composite number?
False
Is 32669203423 a composite number?
False
Is 2073429727 a prime number?
True
Is 14543151647 a composite number?
True
Is 72991090477 a composite number?
True
Is 3819484157 composite?
True
Is 6456376613 a prime number?
True
Is 50669041 a composite number?
False
Is 1849642541 prime?
True
Is 23776517147 a composite number?
True
Is 21614712017 prime?
True
Is 816176057 composite?
True
Is 8219798009 a composite number?
True
Is 517975779 composite?
True
Is 1585656745 composite?
True
Is 10526550551 prime?
False
Is 240461827 a prime number?
True
Is 17200516829 composite?
False
Is 4838846213 composite?
False
Is 793615205 prime?
False
Is 12302231 prime?
False
Is 3784779317 composite?
True
Is 7731434747 a prime number?
True
Is 571720301 a prime number?
False
Is 56034491857 a composite number?
True
Is 98430542839 a composite number?
False
Is 17571465185 a composite number?
True
Is 786802487 prime?
True
Is 1862008571 prime?
True
Is 1118987699 composite?
False
Is 39073752161 prime?
True
Is 501968119 a prime number?
True
Is 25036564277 a prime number?
False
Is 7050560827 prime?
True
Is 1349860511 prime?
False
Is 1345317583 a composite number?
False
Is 150807563 prime?
False
Is 90848676773 prime?
False
Is 712846163 a composite number?
F